divided by 7?
2
Calculate the remainder when 831 is divided by 21.
12
What is the remainder when 3534 is divided by 1175?
9
What is the remainder when 126 is divided by 83?
43
What is the remainder when 15 is divided by 10?
5
Calculate the remainder when 268 is divided by 18.
16
What is the remainder when 545 is divided by 14?
13
Calculate the remainder when 50 is divided by 18.
14
Calculate the remainder when 2230 is divided by 51.
37
Calculate the remainder when 127 is divided by 90.
37
What is the remainder when 86 is divided by 37?
12
Calculate the remainder when 537 is divided by 60.
57
What is the remainder when 1226 is divided by 41?
37
Calculate the remainder when 219 is divided by 16.
11
What is the remainder when 62 is divided by 32?
30
Calculate the remainder when 102 is divided by 38.
26
What is the remainder when 1513 is divided by 78?
31
What is the remainder when 6702 is divided by 26?
20
What is the remainder when 284 is divided by 74?
62
What is the remainder when 222 is divided by 32?
30
Calculate the remainder when 3020 is divided by 1495.
30
What is the remainder when 228 is divided by 227?
1
Calculate the remainder when 521 is divided by 31.
25
What is the remainder when 337 is divided by 40?
17
Calculate the remainder when 91 is divided by 45.
1
Calculate the remainder when 486 is divided by 71.
60
What is the remainder when 1426 is divided by 65?
61
Calculate the remainder when 831 is divided by 204.
15
Calculate the remainder when 235 is divided by 83.
69
What is the remainder when 45 is divided by 18?
9
What is the remainder when 5633 is divided by 35?
33
What is the remainder when 364 is divided by 16?
12
What is the remainder when 991 is divided by 199?
195
What is the remainder when 590 is divided by 8?
6
Calculate the remainder when 97 is divided by 7.
6
What is the remainder when 715 is divided by 15?
10
Calculate the remainder when 343 is divided by 20.
3
Calculate the remainder when 36 is divided by 25.
11
Calculate the remainder when 2560 is divided by 183.
181
Calculate the remainder when 194 is divided by 164.
30
What is the remainder when 683 is divided by 98?
95
Calculate the remainder when 179 is divided by 20.
19
What is the remainder when 174 is divided by 168?
6
Calculate the remainder when 127 is divided by 98.
29
What is the remainder when 135 is divided by 40?
15
Calculate the remainder when 286 is divided by 36.
34
What is the remainder when 434 is divided by 23?
20
What is the remainder when 1127 is divided by 162?
155
What is the remainder when 1515 is divided by 152?
147
Calculate the remainder when 5858 is divided by 27.
26
What is the remainder when 2021 is divided by 37?
23
Calculate the remainder when 230 is divided by 39.
35
Calculate the remainder when 1789 is divided by 58.
49
Calculate the remainder when 230 is divided by 38.
2
Calculate the remainder when 838 is divided by 211.
205
What is the remainder when 957 is divided by 48?
45
Calculate the remainder when 23 is divided by 12.
11
What is the remainder when 8339 is divided by 9?
5
Calculate the remainder when 92 is divided by 32.
28
Calculate the remainder when 9939 is divided by 65.
59
Calculate the remainder when 1007 is divided by 101.
98
Calculate the remainder when 901 is divided by 61.
47
What is the remainder when 302 is divided by 16?
14
Calculate the remainder when 688 is divided by 332.
24
What is the remainder when 263 is divided by 83?
14
What is the remainder when 4116 is divided by 58?
56
Calculate the remainder when 1642 is divided by 35.
32
What is the remainder when 445 is divided by 14?
11
What is the remainder when 309 is divided by 15?
9
Calculate the remainder when 98 is divided by 50.
48
Calculate the remainder when 864 is divided by 79.
74
What is the remainder when 349 is divided by 88?
85
Calculate the remainder when 418 is divided by 100.
18
What is the remainder when 1623 is divided by 1608?
15
Calculate the remainder when 323 is divided by 65.
63
Calculate the remainder when 11042 is divided by 47.
44
What is the remainder when 1195 is divided by 19?
17
What is the remainder when 539 is divided by 54?
53
Calculate the remainder when 384 is divided by 35.
34
Calculate the remainder when 24 is divided by 3.
0
What is the remainder when 107 is divided by 66?
41
Calculate the remainder when 874 is divided by 123.
13
What is the remainder when 370 is divided by 89?
14
Calculate the remainder when 417 is divided by 38.
37
Calculate the remainder when 668 is divided by 15.
8
What is the remainder when 953 is divided by 58?
25
What is the remainder when 9064 is divided by 185?
184
What is the remainder when 623 is divided by 71?
55
Calculate the remainder when 15 is divided by 13.
2
Calculate the remainder when 388 is divided by 168.
52
What is the remainder when 2802 is divided by 122?
118
What is the remainder when 35499 is divided by 20?
19
Calculate the remainder when 167 is divided by 45.
32
What is the remainder when 390 is divided by 57?
48
What is the remainder when 58 is divided by 13?
6
What is the remainder when 80 is divided by 26?
2
Calculate the remainder when 7667 is divided by 26.
23
Calculate the remainder when 3261 is divided by 12.
9
Calculate the remainder when 25999 is divided by 250.
249
Calculate the remainder when 417 is divided by 82.
7
Calculate the remainder when 636 is divided by 20.
16
What is the remainder when 14658 is divided by 107?
106
What is the remainder when 175 is divided by 88?
87
Calculate the remainder when 2175 is divided by 722.
9
What is the remainder when 314 is divided by 45?
44
What is the remainder when 507 is divided by 29?
14
Calculate the remainder when 13 is divided by 5.
3
What is the remainder when 2875 is divided by 21?
19
Calculate the remainder when 37697 is divided by 116.
113
Calculate the remainder when 1557 is divided by 775.
7
What is the remainder when 1072 is divided by 214?
2
What is the remainder when 5330 is divided by 886?
14
Calculate the remainder when 22 is divided by 18.
4
What is the remainder when 308 is divided by 146?
16
What is the remainder when 741 is divided by 53?
52
What is the remainder when 18444 is divided by 155?
154
What is the remainder when 911 is divided by 227?
3
What is the remainder when 78 is divided by 16?
14
What is the remainder when 40 is divided by 29?
11
Calculate the remainder when 1466 is divided by 127.
69
Calculate the remainder when 567 is divided by 39.
21
Calculate the remainder when 24746 is divided by 250.
246
What is the remainder when 161 is divided by 11?
7
Calculate the remainder when 3031 is divided by 66.
61
Calculate the remainder when 2225 is divided by 65.
15
What is the remainder when 247 is divided by 72?
31
Calculate the remainder when 62 is divided by 32.
30
Calculate the remainder when 4373 is divided by 105.
68
What is the remainder when 883 is divided by 433?
17
Calculate the remainder when 18 is divided by 10.
8
What is the remainder when 175 is divided by 57?
4
What is the remainder when 822 is divided by 803?
19
Calculate the remainder when 1578 is divided by 79.
77
What is the remainder when 572 is divided by 62?
14
What is the remainder when 874 is divided by 201?
70
Calculate the remainder when 106 is divided by 22.
18
What is the remainder when 830 is divided by 13?
11
What is the remainder when 528 is divided by 181?
166
Calculate the remainder when 238 is divided by 38.
10
Calculate the remainder when 75 is divided by 1.
0
Calculate the remainder when 539 is divided by 78.
71
Calculate the remainder when 80 is divided by 40.
0
Calculate the remainder when 286 is divided by 40.
6
What is the remainder when 70 is divided by 18?
16
Calculate the remainder when 94 is divided by 19.
18
Calculate the remainder when 11846 is divided by 30.
26
Calculate the remainder when 537 is divided by 91.
82
What is the remainder when 7617 is divided by 37?
32
Calculate the remainder when 59 is divided by 22.
15
Calculate the remainder when 167 is divided by 25.
17
Calculate the remainder when 12 is divided by 4.
0
What is the remainder when 199 is divided by 198?
1
What is the remainder when 67773 is divided by 48?
45
What is the remainder when 818 is divided by 91?
90
Calculate the remainder wh